se -4*g = 28 + 92. Let k = a + g. Let x(i) = i**2 + 3*i - 4. Determine x(k).
0
Suppose -5*k = -3*k. Let d(l) be the third derivative of l**5/60 - 13*l**3/6 + 232*l**2. What is d(k)?
-13
Let i(t) = t**2 + 6*t + 6. Let z be i(-6). Suppose -917 = -20*y + 578 - 115. Let f(o) = -y - o + 68 + z*o - o. Give f(-1).
-5
Let m(z) = 8*z**3 + 10*z**2 + 2*z - 1. Let s(d) = -8*d**3 - 8*d**2 - 2*d + 1. Let c = -355 - -360. Let u(h) = c*s(h) + 4*m(h). Give u(1).
-9
Let v(w) = 4*w + 118 - 208 + 190. Let g be v(-25). Let o(q) = q - 27. Give o(g).
-27
Let v(h) = 20*h**2 + h. Let p(q) be the second derivative of -q**3/3 - 55*q**2/2 - 21*q. Let z be p(-27). Determine v(z).
19
Let v(z) = -13*z**2 + 19*z. Let j(n) be the first derivative of -4*n**3/3 + 7*n**2/2 + 62. Let c(y) = 11*j(y) - 4*v(y). Calculate c(-2).
30
Let b(z) = 11*z**2 + 13 - 40 - 10907*z - 24 - z**3 - 12 + 10924*z. Determine b(12).
-3
Let y be (0 - 2/4)*0/(-41). Suppose s + 57 - 50 = y. Let b(c) = c**3 + 2*c**2 - 9. Let a(g) = -g**3 - g**2 + 10. Let i(q) = 5*a(q) + 6*b(q). What is i(s)?
-4
Let m(o) = o**3 - 2*o**2 + 4*o - 2. Let n be m(2). Let f = 3 - n. Let c(b) be the first derivative of -b**2 - b - 9250. Determine c(f).
5
Let g(z) = -43*z**2 - 303*z - 15. Let f be g(-7). Let k(w) = -6*w**3 + 2*w**2 + 3*w + 1. Calculate k(f).
6
Let o(z) = z**3 - z**2 - z + 2. Let l(a) = -15*a - 4. Let s be l(5). Let f = -5443 - -5366. Let h = f - s. Calculate o(h).
4
Let h(b) = -3*b**3 - 4*b**2 - 3*b. Let o be (-2 - 2 - -4)/(-3) - 432. Let m be (-11)/6 + -6*(-12)/o. Determine h(m).
14
Let c be -1 + -3 + 6 + (1 - -1). Let h be (-20)/(-9) + (-1)/18*c. Suppose 0 = 4*o - 4*x + 2 + h, -4*x + 13 = 5*o. Let a(g) = -9*g**2 + 2*g - 1. Give a(o).
-8
Let m(g) = 7201*g**2 + 99 - 14408*g**2 - 398 + 7206*g**2 - 25*g - 12*g. Determine m(-25).
1
Suppose 0 = -5*h + 2*j + 112, -2*h + 3*j - 6*j + 41 = 0. Let g(r) = r**2 + 22*r - h*r - 9*r - 21. What is g(10)?
-11
Let x(k) = -k**3 + 2*k**2 + 3*k - 3. Let m = -37 + 41. Suppose 0*j = -4*j + 3*z + 17, 4*j - 20 = m*z. Calculate x(j).
3
Let o(p) = -p**2 + 6*p + 45. Let y be o(10). Let d(c) = c**2 + 62 - 90 + 26 - y*c. What is d(4)?
-6
Let g = 4496 - 4491. Let z(p) = -p**3 + 5*p**2 - 2*p + 17. What is z(g)?
7
Let i(b) = -2*b**2 + 4*b. Suppose -1147 - 245 = 8*r. Let f = r - -177. Calculate i(f).
-6
Let m be (-17 - -2)*(-2)/(-30)*-5. Suppose -23 = -3*w + 2*f, 0 = 2*w + m*f - 6 - 3. Let g(r) = 3*r - 16. Calculate g(w).
5
Let l be ((-1 - -18) + -13)*(0 + 2). Let o(t) = -2*t**3 + 16*t**2 - 2*t + 18. Give o(l).
2
Let w(c) = -10*c**2 - 9*c - 3. Let f(s) be the second derivative of 3*s**4/2 + 3*s**3 + 7*s**2/2 - 2*s - 5. Let t(z) = -4*f(z) - 7*w(z). What is t(-7)?
-42
Let q(w) = -2*w. Let u(t) = 7*t**3 + 15*t**2 + 2*t + 4. Let v be u(-2). Suppose 0 = 5*x - 5, 13*f = 11*f + v*x. Determine q(f).
-4
Let y(s) be the third derivative of s**5/60 - 19*s**4/24 + 19*s**3/6 - 274*s**2. Determine y(14).
-51
Let l(m) = -2*m. Let y(d) = 29*d + 52. Let t(s) = 4*l(s) + y(s). Let r be t(-3). Let f(q) = -q**2 - 9*q + 11. Calculate f(r).
-11
Suppose 2*z - 31 = 49 - 46. Let q(u) = -6*u + 100. Determine q(z).
-2
Let f = 259 + -256. Let i(p) = -7*p + 6. Let q(l) = 12*l - 12. Let r(a) = f*q(a) + 5*i(a). Calculate r(-5).
-11
Suppose 1 = 9*n - 62. Let j(q) = -3 - 5*q - 39 + 0 + 51. Determine j(n).
-26
Let x = -6014/3 + 2005. Let m(z) be the first derivative of z**2 - x*z**3 - 29 + 0*z - 1/4*z**4. Calculate m(2).
-8
Let n(y) = y**2 - 3*y - 4. Let v(o) = 4*o**2 + 6*o + 7. Let u = 19 - 20. Let g be v(u). Give n(g).
6
Let s(f) = 6*f - 27 + 35 - 11*f + 56. What is s(9)?
19
Suppose -5*h - f - 20 = 0, 213 = -4*h + 4*f + 173. Let w(s) = s**2 + 5*s + 2. Determine w(h).
2
Let p(m) = -m**3 + 47*m**2 - 171*m - 45. Let q(w) = 111*w - 2954. Let i be q(27). What is p(i)?
-2
Let a(d) be the first derivative of -d**3/6 + d**2/2 - 63*d - 4. Let r(u) be the first derivative of a(u). Let v be -1*-2*1/(-1). Calculate r(v).
3
Let z = -97 + 98. Let k = 0 - -3. Let r(f) = f. Let i(a) = 4*a. Let q(j) = k*r(j) + i(j). Determine q(z).
7
Let i be 0 + ((-3)/1)/3 + 0. Let z(x) = -x**3 - x**2 - x. Let r(q) = -4*q**3 - 2*q**2 + 1. Let y(t) = i*r(t) + 3*z(t). Give y(4).
35
Let g = -39 - -25. Let i = g + 15. Let s(x) = -2 + 1 - 9*x**3 - 153*x + 155*x - 2*x**2. Calculate s(i).
-10
Let w(k) be the first derivative of 2*k**2 - k + 17201. Suppose 4*m + 2*q + 12 = 0, m + 7 + 5 = -5*q. What is w(m)?
-9
Let w(y) = 24*y + 14. Let b(u) = 10*u + 6. Let a(s) = -19*s - 12. Let f(n) = 3*a(n) + 7*b(n). Let i(k) = 11*f(k) - 6*w(k). Calculate i(-12).
-6
Let f(x) be the third derivative of -x**4/24 + 4*x**3/3 + x**2. Let d be 15 + ((-9)/((-45)/(-28)) - (-14)/(-35)). Determine f(d).
-1
Let f(u) = u**2 + 9*u + 6. Let o be (-24)/9 - (-8)/12. Let h be ((-1)/(o/8))/1. Suppose -4*w + h*v - 28 = 0, 0*v = w + v + 7. What is f(w)?
-8
Let y = -748 + 412. Let c be ((-2)/(-4))/(28/y). Let r(p) = -2 + 5 - p**2 - 5*p**2 - p**3. Determine r(c).
3
Let q(f) = 11*f - 216. Let v be q(19). Let u(c) = -c**3 - 6*c**2 + 11*c + 29. Let a be u(v). Let j(x) = 3*x**3 - x**2 - x + 1. Calculate j(a).
2
Suppose -10*o - 1056 = -56. Let j = -98 - o. Suppose -i - 4*i = j*t - 29, 16 = 4*i + 4*t. Let q(z) = -z**3 + 8*z**2 - 5*z - 3. What is q(i)?
11
Let m(s) = 4*s**3 + 50*s**2 - 203*s - 20. Let v(z) = z**3 + 17*z**2 - 68*z - 6. Let a(l) = 2*m(l) - 7*v(l). What is a(14)?
2
Let j(v) = 11*v + 239. Let q be j(-22). Let i(t) = 49*t + 158. What is i(q)?
11
Let z(i) be the third derivative of 0*i + 1/6*i**3 + 3/8*i**4 + 0 - 11*i**2. Suppose -4*g = 2*k - 12, -12*g - k = -8*g - 10. Determine z(g).
19
Let l(g) = -g**3 + 5*g**2 + 1. Let n be (-20)/(-120) + (-2062)/(-12). Let k = -102 + n. Let b = k - 66. Give l(b).
17
Let j(q) = 6*q + 34*q**2 - 27*q**2 - 6*q**2 + 2*q - 4. Calculate j(-8).
-4
Let c(y) = -y**2 + 6*y - 6. Let h(m) = m + 62. Let p be h(-20). Suppose -p*a = -56*a + 98. Calculate c(a).
-13
Let x be 4/(41 + 3) - (-156)/(-22). Let g(m) = -m**3 - 5*m**2 + 27*m + 86. Let j be g(x). Let q(u) = -3*u - 13. Determine q(j).
2
Let v(i) = -i**3 - 5*i**2 + 4*i + 5. Let g = 186 + 154. Suppose -322*r + g*r + 90 = 0. What is v(r)?
-15
Let l(o) be the first derivative of -o**4/2 + 20*o**3/3 - 19*o**2/2 + 11*o + 5543. Calculate l(9).
2
Let y(z) = 3*z**3 - 18*z**2 - z + 9. Let p be y(6). Let k = 264 + -65. Let i(h) = 4*h - p*h + k - 199. Give i(-2).
-2
Suppose -5*c + 126 = 2*g, -3*c - 46 = -5*c - 3*g. Suppose 5*j - c = 19. Let y(k) = 5 + 3*k + 1 + 5 - j. What is y(-2)?
-4
Let c(b) = 8*b**2 - 3*b + 1. Let s(u) = 17*u**2 - 6*u + 2. Let l(z) = -13*c(z) + 6*s(z). Let i(q) = q - 1 + 2 - q**2 - 4 + 6*q. Let x be i(6). Give l(x).
-10
Suppose -41*b + 51 = -34*b - 117. Let p(k) = -3*k + 67. Determine p(b).
-5
Let x(c) = 46*c**2 + 6*c + 3. Let a(z) = -41*z**2 - 6*z - 2. Let u(n) = -9*a(n) - 8*x(n). Determine u(-4).
-14
Let n(q) be the second derivative of -q**3/2 - 12*q**2 - 3493*q. Calculate n(-20).
36
Let o(g) = -2*g**3 + 12*g**2 - 11*g + 9. Suppose 10*j + 284 - 79 = 51*j. What is o(j)?
4
Let k(j) = 8*j**2 + 2*j. Suppose -4*s = -z - 15, 25 = -39*z + 40*z + 4*s. Suppose -3*v = 3*u - z*v + 7, -1 = 5*u + 2*v. Give k(u).
6
Let m be ((-247)/26 + 10)*8. Let i be (3/6 + 1)*2. Let t(v) = -35*v + 36*v + i + m. Give t(-8).
-1
Suppose 12 = -3*t - t. Let w be (0/(-11 - -5))/2. Let p(r) = -7*r - 301 + w*r + 297 + 2*r - r**2. Give p(t).
2
Let m(c) = 26*c + 27. Let i be 100 - 112 - 1*-11. Give m(i).
1
Let x(f) = f**3 + 11*f**2 + 21*f - 9. Let i be x(-9). Let c = i - -38. Suppose 1 = c*r + 2*r + t, r = -3*t + 14. Let v(h) = -h**2 - 2*h - 1. Give v(r).
0
Let t(c) = -3 - 9*c**2 + 6*c + 7*c**2 + 0*c. Suppose 3*s - 2*x = 22, -2*s - 3*x - 5 = 2. Determine t(s).
-11
Let q(c) = -c**3 + 28*c**2 - 113*c - 51. Suppose 138*y - 734 = 643 + 1797. Give q(y).
-5
Let m(q) = -q**3 - 3 + 6*q + 4*q**2 + 0 - 3. Let w(g) = -376*g - 8268. Let u be w(-22). Calculate m(u).
18
Let o be ((-12)/(-11))/(19/209) - 11. Let d(v) = -48*v**3 - v**2 + 2. Give d(o).
-47
Let o = 600 - 602. Let x(n) = -2*n - 1 - 11*n + 1 - 3. What is x(o)?
23
Suppose 0 = -2*z - 2*g + 4, 0*z + 2*g = 2*z - 16. Let f be 1*1*z/(-1). Let j be f - (1 + 3 + -2). Let k(x) = -x**3 - 6*x**2 + 9*x + 10. Determine k(j).
-4
Let d(a) = -9*a - 2 - 1 - 2. Suppose -s - 4*f = -6*s + 3, -4*s - 4*f = 12. Let v(j) = 